{"id":20856,"date":"2025-01-19T15:59:27","date_gmt":"2025-01-19T14:59:27","guid":{"rendered":"https:\/\/isamurai.hu\/webshop\/?post_type=product&#038;p=20856"},"modified":"2026-04-20T14:04:32","modified_gmt":"2026-04-20T13:04:32","slug":"14-apple-macbook-air-15-m3-2024-silver-apple-gar-2027-09-akku-100","status":"publish","type":"product","link":"https:\/\/isamurai.hu\/webshop\/termek\/14-apple-macbook-air-15-m3-2024-silver-apple-gar-2027-09-akku-100\/","title":{"rendered":"13. Apple MacBook Air 15&#8243; &#8211; M4 &#8211; 2025 &#8211; 16gb &#8211; Silver &#8211; 0 Perces &#8211; Bontatlan"},"content":{"rendered":"","protected":false},"excerpt":{"rendered":"<p>Elad\u00f3 egy 0 perces, bontatlan \u00e1llapot\u00fa silver Apple MacBook Air 15&#8243;. 2025-\u00f6s modell, Apple M4-es processzorral, magyar billenty\u0171zettel. A k\u00e9sz\u00fcl\u00e9kben 16 GB RAM \u00e9s 256 GB SSD van, bontatlan doboz\u00e1ban \u00f6sszes gy\u00e1ri tartoz\u00e9k\u00e1val. 1 \u00e9v Apple garanci\u00e1val. A g\u00e9p akkuja 100%-os.<\/p>\n","protected":false},"featured_media":21796,"comment_status":"open","ping_status":"closed","template":"","meta":{"_acf_changed":false},"class_list":{"0":"post-20856","1":"product","2":"type-product","3":"status-publish","4":"has-post-thumbnail","6":"product_cat-macbook","8":"first","9":"instock","10":"sale","11":"shipping-taxable","12":"purchasable","13":"product-type-simple"},"acf":[],"yoast_head":"<!-- This site is optimized with the Yoast SEO plugin v23.1 - https:\/\/yoast.com\/wordpress\/plugins\/seo\/ -->\n<title>13. Apple MacBook Air 15&quot; - M4 - 2025 - 16gb - Silver - 0 Perces - Bontatlan - iSamurai<\/title>\n<meta name=\"robots\" content=\"index, follow, max-snippet:-1, max-image-preview:large, max-video-preview:-1\" \/>\n<link rel=\"canonical\" href=\"https:\/\/isamurai.hu\/webshop\/termek\/14-apple-macbook-air-15-m3-2024-silver-apple-gar-2027-09-akku-100\/\" \/>\n<meta property=\"og:locale\" content=\"hu_HU\" \/>\n<meta property=\"og:type\" content=\"article\" \/>\n<meta property=\"og:title\" content=\"13. Apple MacBook Air 15&quot; - M4 - 2025 - 16gb - Silver - 0 Perces - Bontatlan - iSamurai\" \/>\n<meta property=\"og:description\" content=\"Elad\u00f3 egy 0 perces, bontatlan \u00e1llapot\u00fa silver Apple MacBook Air 15&quot;. 2025-\u00f6s modell, Apple M4-es processzorral, magyar billenty\u0171zettel. A k\u00e9sz\u00fcl\u00e9kben 16 GB RAM \u00e9s 256 GB SSD van, bontatlan doboz\u00e1ban \u00f6sszes gy\u00e1ri tartoz\u00e9k\u00e1val. 1 \u00e9v Apple garanci\u00e1val. A g\u00e9p akkuja 100%-os.\" \/>\n<meta property=\"og:url\" content=\"https:\/\/isamurai.hu\/webshop\/termek\/14-apple-macbook-air-15-m3-2024-silver-apple-gar-2027-09-akku-100\/\" \/>\n<meta property=\"og:site_name\" content=\"iSamurai\" \/>\n<meta property=\"article:modified_time\" content=\"2026-04-20T13:04:32+00:00\" \/>\n<meta property=\"og:image\" content=\"http:\/\/isamurai.hu\/webshop\/wp-content\/uploads\/2025\/01\/IMG_4251-scaled.jpg\" \/>\n\t<meta property=\"og:image:width\" content=\"2560\" \/>\n\t<meta property=\"og:image:height\" content=\"2560\" \/>\n\t<meta property=\"og:image:type\" content=\"image\/jpeg\" \/>\n<meta name=\"twitter:card\" content=\"summary_large_image\" \/>\n<meta name=\"twitter:label1\" content=\"Becs\u00fclt olvas\u00e1si id\u0151\" \/>\n\t<meta name=\"twitter:data1\" content=\"1 perc\" \/>\n<script type=\"application\/ld+json\" class=\"yoast-schema-graph\">{\"@context\":\"https:\/\/schema.org\",\"@graph\":[{\"@type\":\"WebPage\",\"@id\":\"https:\/\/isamurai.hu\/webshop\/termek\/14-apple-macbook-air-15-m3-2024-silver-apple-gar-2027-09-akku-100\/\",\"url\":\"https:\/\/isamurai.hu\/webshop\/termek\/14-apple-macbook-air-15-m3-2024-silver-apple-gar-2027-09-akku-100\/\",\"name\":\"13. Apple MacBook Air 15\\\" - M4 - 2025 - 16gb - Silver - 0 Perces - Bontatlan - iSamurai\",\"isPartOf\":{\"@id\":\"https:\/\/isamurai.hu\/webshop\/#website\"},\"primaryImageOfPage\":{\"@id\":\"https:\/\/isamurai.hu\/webshop\/termek\/14-apple-macbook-air-15-m3-2024-silver-apple-gar-2027-09-akku-100\/#primaryimage\"},\"image\":{\"@id\":\"https:\/\/isamurai.hu\/webshop\/termek\/14-apple-macbook-air-15-m3-2024-silver-apple-gar-2027-09-akku-100\/#primaryimage\"},\"thumbnailUrl\":\"https:\/\/isamurai.hu\/webshop\/wp-content\/uploads\/2025\/01\/IMG_4251-scaled.jpg\",\"datePublished\":\"2025-01-19T14:59:27+00:00\",\"dateModified\":\"2026-04-20T13:04:32+00:00\",\"breadcrumb\":{\"@id\":\"https:\/\/isamurai.hu\/webshop\/termek\/14-apple-macbook-air-15-m3-2024-silver-apple-gar-2027-09-akku-100\/#breadcrumb\"},\"inLanguage\":\"hu\",\"potentialAction\":[{\"@type\":\"ReadAction\",\"target\":[\"https:\/\/isamurai.hu\/webshop\/termek\/14-apple-macbook-air-15-m3-2024-silver-apple-gar-2027-09-akku-100\/\"]}]},{\"@type\":\"ImageObject\",\"inLanguage\":\"hu\",\"@id\":\"https:\/\/isamurai.hu\/webshop\/termek\/14-apple-macbook-air-15-m3-2024-silver-apple-gar-2027-09-akku-100\/#primaryimage\",\"url\":\"https:\/\/isamurai.hu\/webshop\/wp-content\/uploads\/2025\/01\/IMG_4251-scaled.jpg\",\"contentUrl\":\"https:\/\/isamurai.hu\/webshop\/wp-content\/uploads\/2025\/01\/IMG_4251-scaled.jpg\",\"width\":2560,\"height\":2560},{\"@type\":\"BreadcrumbList\",\"@id\":\"https:\/\/isamurai.hu\/webshop\/termek\/14-apple-macbook-air-15-m3-2024-silver-apple-gar-2027-09-akku-100\/#breadcrumb\",\"itemListElement\":[{\"@type\":\"ListItem\",\"position\":1,\"name\":\"Kezd\u0151lap\",\"item\":\"https:\/\/isamurai.hu\/webshop\/\"},{\"@type\":\"ListItem\",\"position\":2,\"name\":\"Ad\u00e1s-v\u00e9tel \u00e9s szerviz\",\"item\":\"https:\/\/isamurai.hu\/webshop\/\"},{\"@type\":\"ListItem\",\"position\":3,\"name\":\"13. Apple MacBook Air 15&#8243; &#8211; M4 &#8211; 2025 &#8211; 16gb &#8211; Silver &#8211; 0 Perces &#8211; Bontatlan\"}]},{\"@type\":\"WebSite\",\"@id\":\"https:\/\/isamurai.hu\/webshop\/#website\",\"url\":\"https:\/\/isamurai.hu\/webshop\/\",\"name\":\"iSamurai\",\"description\":\"\",\"potentialAction\":[{\"@type\":\"SearchAction\",\"target\":{\"@type\":\"EntryPoint\",\"urlTemplate\":\"https:\/\/isamurai.hu\/webshop\/?s={search_term_string}\"},\"query-input\":\"required name=search_term_string\"}],\"inLanguage\":\"hu\"}]}<\/script>\n<!-- \/ Yoast SEO plugin. -->","yoast_head_json":{"title":"13. Apple MacBook Air 15\" - M4 - 2025 - 16gb - Silver - 0 Perces - Bontatlan - iSamurai","robots":{"index":"index","follow":"follow","max-snippet":"max-snippet:-1","max-image-preview":"max-image-preview:large","max-video-preview":"max-video-preview:-1"},"canonical":"https:\/\/isamurai.hu\/webshop\/termek\/14-apple-macbook-air-15-m3-2024-silver-apple-gar-2027-09-akku-100\/","og_locale":"hu_HU","og_type":"article","og_title":"13. Apple MacBook Air 15\" - M4 - 2025 - 16gb - Silver - 0 Perces - Bontatlan - iSamurai","og_description":"Elad\u00f3 egy 0 perces, bontatlan \u00e1llapot\u00fa silver Apple MacBook Air 15\". 2025-\u00f6s modell, Apple M4-es processzorral, magyar billenty\u0171zettel. A k\u00e9sz\u00fcl\u00e9kben 16 GB RAM \u00e9s 256 GB SSD van, bontatlan doboz\u00e1ban \u00f6sszes gy\u00e1ri tartoz\u00e9k\u00e1val. 1 \u00e9v Apple garanci\u00e1val. A g\u00e9p akkuja 100%-os.","og_url":"https:\/\/isamurai.hu\/webshop\/termek\/14-apple-macbook-air-15-m3-2024-silver-apple-gar-2027-09-akku-100\/","og_site_name":"iSamurai","article_modified_time":"2026-04-20T13:04:32+00:00","og_image":[{"width":2560,"height":2560,"url":"http:\/\/isamurai.hu\/webshop\/wp-content\/uploads\/2025\/01\/IMG_4251-scaled.jpg","type":"image\/jpeg"}],"twitter_card":"summary_large_image","twitter_misc":{"Becs\u00fclt olvas\u00e1si id\u0151":"1 perc"},"schema":{"@context":"https:\/\/schema.org","@graph":[{"@type":"WebPage","@id":"https:\/\/isamurai.hu\/webshop\/termek\/14-apple-macbook-air-15-m3-2024-silver-apple-gar-2027-09-akku-100\/","url":"https:\/\/isamurai.hu\/webshop\/termek\/14-apple-macbook-air-15-m3-2024-silver-apple-gar-2027-09-akku-100\/","name":"13. Apple MacBook Air 15\" - M4 - 2025 - 16gb - Silver - 0 Perces - Bontatlan - iSamurai","isPartOf":{"@id":"https:\/\/isamurai.hu\/webshop\/#website"},"primaryImageOfPage":{"@id":"https:\/\/isamurai.hu\/webshop\/termek\/14-apple-macbook-air-15-m3-2024-silver-apple-gar-2027-09-akku-100\/#primaryimage"},"image":{"@id":"https:\/\/isamurai.hu\/webshop\/termek\/14-apple-macbook-air-15-m3-2024-silver-apple-gar-2027-09-akku-100\/#primaryimage"},"thumbnailUrl":"https:\/\/isamurai.hu\/webshop\/wp-content\/uploads\/2025\/01\/IMG_4251-scaled.jpg","datePublished":"2025-01-19T14:59:27+00:00","dateModified":"2026-04-20T13:04:32+00:00","breadcrumb":{"@id":"https:\/\/isamurai.hu\/webshop\/termek\/14-apple-macbook-air-15-m3-2024-silver-apple-gar-2027-09-akku-100\/#breadcrumb"},"inLanguage":"hu","potentialAction":[{"@type":"ReadAction","target":["https:\/\/isamurai.hu\/webshop\/termek\/14-apple-macbook-air-15-m3-2024-silver-apple-gar-2027-09-akku-100\/"]}]},{"@type":"ImageObject","inLanguage":"hu","@id":"https:\/\/isamurai.hu\/webshop\/termek\/14-apple-macbook-air-15-m3-2024-silver-apple-gar-2027-09-akku-100\/#primaryimage","url":"https:\/\/isamurai.hu\/webshop\/wp-content\/uploads\/2025\/01\/IMG_4251-scaled.jpg","contentUrl":"https:\/\/isamurai.hu\/webshop\/wp-content\/uploads\/2025\/01\/IMG_4251-scaled.jpg","width":2560,"height":2560},{"@type":"BreadcrumbList","@id":"https:\/\/isamurai.hu\/webshop\/termek\/14-apple-macbook-air-15-m3-2024-silver-apple-gar-2027-09-akku-100\/#breadcrumb","itemListElement":[{"@type":"ListItem","position":1,"name":"Kezd\u0151lap","item":"https:\/\/isamurai.hu\/webshop\/"},{"@type":"ListItem","position":2,"name":"Ad\u00e1s-v\u00e9tel \u00e9s szerviz","item":"https:\/\/isamurai.hu\/webshop\/"},{"@type":"ListItem","position":3,"name":"13. Apple MacBook Air 15&#8243; &#8211; M4 &#8211; 2025 &#8211; 16gb &#8211; Silver &#8211; 0 Perces &#8211; Bontatlan"}]},{"@type":"WebSite","@id":"https:\/\/isamurai.hu\/webshop\/#website","url":"https:\/\/isamurai.hu\/webshop\/","name":"iSamurai","description":"","potentialAction":[{"@type":"SearchAction","target":{"@type":"EntryPoint","urlTemplate":"https:\/\/isamurai.hu\/webshop\/?s={search_term_string}"},"query-input":"required name=search_term_string"}],"inLanguage":"hu"}]}},"_links":{"self":[{"href":"https:\/\/isamurai.hu\/webshop\/wp-json\/wp\/v2\/product\/20856"}],"collection":[{"href":"https:\/\/isamurai.hu\/webshop\/wp-json\/wp\/v2\/product"}],"about":[{"href":"https:\/\/isamurai.hu\/webshop\/wp-json\/wp\/v2\/types\/product"}],"replies":[{"embeddable":true,"href":"https:\/\/isamurai.hu\/webshop\/wp-json\/wp\/v2\/comments?post=20856"}],"wp:featuredmedia":[{"embeddable":true,"href":"https:\/\/isamurai.hu\/webshop\/wp-json\/wp\/v2\/media\/21796"}],"wp:attachment":[{"href":"https:\/\/isamurai.hu\/webshop\/wp-json\/wp\/v2\/media?parent=20856"}],"curies":[{"name":"wp","href":"https:\/\/api.w.org\/{rel}","templated":true}]}}