{"id":21763,"date":"2025-11-04T19:37:02","date_gmt":"2025-11-04T18:37:02","guid":{"rendered":"https:\/\/isamurai.hu\/webshop\/?post_type=product&#038;p=21763"},"modified":"2026-01-27T16:34:56","modified_gmt":"2026-01-27T15:34:56","slug":"52-apple-macbook-pro-13-2019-8gb","status":"publish","type":"product","link":"https:\/\/isamurai.hu\/webshop\/termek\/52-apple-macbook-pro-13-2019-8gb\/","title":{"rendered":"34. Apple MacBook Pro 13&#8243; &#8211; 2019 &#8211; 16GB &#8211; 1TB SSD &#8211; \u00daj akku"},"content":{"rendered":"","protected":false},"excerpt":{"rendered":"<p>Elad\u00f3 egy haszn\u00e1lt Apple MacBook PRO 2019-es modell, Intel i7 2,8GHz-es processzorral, amerikai kioszt\u00e1s\u00fa billenty\u0171zettel. Asztrosz\u00fcrke sz\u00ednben, 16 GB RAM-mal \u00e9s 1TB SSD-vel. A k\u00e9sz\u00fcl\u00e9k akkuja 100%-os \u00e9s az eszk\u00f6zre 3 h\u00f3nap garanci\u00e1t v\u00e1llalunk.<\/p>\n","protected":false},"featured_media":22007,"comment_status":"open","ping_status":"closed","template":"","meta":{"_acf_changed":false},"class_list":{"0":"post-21763","1":"product","2":"type-product","3":"status-publish","4":"has-post-thumbnail","6":"product_cat-macbook","8":"first","9":"instock","10":"shipping-taxable","11":"purchasable","12":"product-type-simple"},"acf":[],"yoast_head":"<!-- This site is optimized with the Yoast SEO plugin v23.1 - https:\/\/yoast.com\/wordpress\/plugins\/seo\/ -->\n<title>34. Apple MacBook Pro 13&quot; - 2019 - 16GB - 1TB SSD - \u00daj akku - iSamurai<\/title>\n<meta name=\"robots\" content=\"index, follow, max-snippet:-1, max-image-preview:large, max-video-preview:-1\" \/>\n<link rel=\"canonical\" href=\"https:\/\/isamurai.hu\/webshop\/termek\/52-apple-macbook-pro-13-2019-8gb\/\" \/>\n<meta property=\"og:locale\" content=\"hu_HU\" \/>\n<meta property=\"og:type\" content=\"article\" \/>\n<meta property=\"og:title\" content=\"34. Apple MacBook Pro 13&quot; - 2019 - 16GB - 1TB SSD - \u00daj akku - iSamurai\" \/>\n<meta property=\"og:description\" content=\"Elad\u00f3 egy haszn\u00e1lt Apple MacBook PRO 2019-es modell, Intel i7 2,8GHz-es processzorral, amerikai kioszt\u00e1s\u00fa billenty\u0171zettel. Asztrosz\u00fcrke sz\u00ednben, 16 GB RAM-mal \u00e9s 1TB SSD-vel. A k\u00e9sz\u00fcl\u00e9k akkuja 100%-os \u00e9s az eszk\u00f6zre 3 h\u00f3nap garanci\u00e1t v\u00e1llalunk.\" \/>\n<meta property=\"og:url\" content=\"https:\/\/isamurai.hu\/webshop\/termek\/52-apple-macbook-pro-13-2019-8gb\/\" \/>\n<meta property=\"og:site_name\" content=\"iSamurai\" \/>\n<meta property=\"article:modified_time\" content=\"2026-01-27T15:34:56+00:00\" \/>\n<meta property=\"og:image\" content=\"http:\/\/isamurai.hu\/webshop\/wp-content\/uploads\/2025\/11\/IMG_0413-scaled.jpg\" \/>\n\t<meta property=\"og:image:width\" content=\"2560\" \/>\n\t<meta property=\"og:image:height\" content=\"2560\" \/>\n\t<meta property=\"og:image:type\" content=\"image\/jpeg\" \/>\n<meta name=\"twitter:card\" content=\"summary_large_image\" \/>\n<meta name=\"twitter:label1\" content=\"Becs\u00fclt olvas\u00e1si id\u0151\" \/>\n\t<meta name=\"twitter:data1\" content=\"1 perc\" \/>\n<script type=\"application\/ld+json\" class=\"yoast-schema-graph\">{\"@context\":\"https:\/\/schema.org\",\"@graph\":[{\"@type\":\"WebPage\",\"@id\":\"https:\/\/isamurai.hu\/webshop\/termek\/52-apple-macbook-pro-13-2019-8gb\/\",\"url\":\"https:\/\/isamurai.hu\/webshop\/termek\/52-apple-macbook-pro-13-2019-8gb\/\",\"name\":\"34. Apple MacBook Pro 13\\\" - 2019 - 16GB - 1TB SSD - \u00daj akku - iSamurai\",\"isPartOf\":{\"@id\":\"https:\/\/isamurai.hu\/webshop\/#website\"},\"primaryImageOfPage\":{\"@id\":\"https:\/\/isamurai.hu\/webshop\/termek\/52-apple-macbook-pro-13-2019-8gb\/#primaryimage\"},\"image\":{\"@id\":\"https:\/\/isamurai.hu\/webshop\/termek\/52-apple-macbook-pro-13-2019-8gb\/#primaryimage\"},\"thumbnailUrl\":\"https:\/\/isamurai.hu\/webshop\/wp-content\/uploads\/2025\/11\/IMG_0413-scaled.jpg\",\"datePublished\":\"2025-11-04T18:37:02+00:00\",\"dateModified\":\"2026-01-27T15:34:56+00:00\",\"breadcrumb\":{\"@id\":\"https:\/\/isamurai.hu\/webshop\/termek\/52-apple-macbook-pro-13-2019-8gb\/#breadcrumb\"},\"inLanguage\":\"hu\",\"potentialAction\":[{\"@type\":\"ReadAction\",\"target\":[\"https:\/\/isamurai.hu\/webshop\/termek\/52-apple-macbook-pro-13-2019-8gb\/\"]}]},{\"@type\":\"ImageObject\",\"inLanguage\":\"hu\",\"@id\":\"https:\/\/isamurai.hu\/webshop\/termek\/52-apple-macbook-pro-13-2019-8gb\/#primaryimage\",\"url\":\"https:\/\/isamurai.hu\/webshop\/wp-content\/uploads\/2025\/11\/IMG_0413-scaled.jpg\",\"contentUrl\":\"https:\/\/isamurai.hu\/webshop\/wp-content\/uploads\/2025\/11\/IMG_0413-scaled.jpg\",\"width\":2560,\"height\":2560},{\"@type\":\"BreadcrumbList\",\"@id\":\"https:\/\/isamurai.hu\/webshop\/termek\/52-apple-macbook-pro-13-2019-8gb\/#breadcrumb\",\"itemListElement\":[{\"@type\":\"ListItem\",\"position\":1,\"name\":\"Kezd\u0151lap\",\"item\":\"https:\/\/isamurai.hu\/webshop\/\"},{\"@type\":\"ListItem\",\"position\":2,\"name\":\"Ad\u00e1s-v\u00e9tel \u00e9s szerviz\",\"item\":\"https:\/\/isamurai.hu\/webshop\/\"},{\"@type\":\"ListItem\",\"position\":3,\"name\":\"34. Apple MacBook Pro 13&#8243; &#8211; 2019 &#8211; 16GB &#8211; 1TB SSD &#8211; \u00daj akku\"}]},{\"@type\":\"WebSite\",\"@id\":\"https:\/\/isamurai.hu\/webshop\/#website\",\"url\":\"https:\/\/isamurai.hu\/webshop\/\",\"name\":\"iSamurai\",\"description\":\"\",\"potentialAction\":[{\"@type\":\"SearchAction\",\"target\":{\"@type\":\"EntryPoint\",\"urlTemplate\":\"https:\/\/isamurai.hu\/webshop\/?s={search_term_string}\"},\"query-input\":\"required name=search_term_string\"}],\"inLanguage\":\"hu\"}]}<\/script>\n<!-- \/ Yoast SEO plugin. -->","yoast_head_json":{"title":"34. Apple MacBook Pro 13\" - 2019 - 16GB - 1TB SSD - \u00daj akku - iSamurai","robots":{"index":"index","follow":"follow","max-snippet":"max-snippet:-1","max-image-preview":"max-image-preview:large","max-video-preview":"max-video-preview:-1"},"canonical":"https:\/\/isamurai.hu\/webshop\/termek\/52-apple-macbook-pro-13-2019-8gb\/","og_locale":"hu_HU","og_type":"article","og_title":"34. Apple MacBook Pro 13\" - 2019 - 16GB - 1TB SSD - \u00daj akku - iSamurai","og_description":"Elad\u00f3 egy haszn\u00e1lt Apple MacBook PRO 2019-es modell, Intel i7 2,8GHz-es processzorral, amerikai kioszt\u00e1s\u00fa billenty\u0171zettel. Asztrosz\u00fcrke sz\u00ednben, 16 GB RAM-mal \u00e9s 1TB SSD-vel. A k\u00e9sz\u00fcl\u00e9k akkuja 100%-os \u00e9s az eszk\u00f6zre 3 h\u00f3nap garanci\u00e1t v\u00e1llalunk.","og_url":"https:\/\/isamurai.hu\/webshop\/termek\/52-apple-macbook-pro-13-2019-8gb\/","og_site_name":"iSamurai","article_modified_time":"2026-01-27T15:34:56+00:00","og_image":[{"width":2560,"height":2560,"url":"http:\/\/isamurai.hu\/webshop\/wp-content\/uploads\/2025\/11\/IMG_0413-scaled.jpg","type":"image\/jpeg"}],"twitter_card":"summary_large_image","twitter_misc":{"Becs\u00fclt olvas\u00e1si id\u0151":"1 perc"},"schema":{"@context":"https:\/\/schema.org","@graph":[{"@type":"WebPage","@id":"https:\/\/isamurai.hu\/webshop\/termek\/52-apple-macbook-pro-13-2019-8gb\/","url":"https:\/\/isamurai.hu\/webshop\/termek\/52-apple-macbook-pro-13-2019-8gb\/","name":"34. Apple MacBook Pro 13\" - 2019 - 16GB - 1TB SSD - \u00daj akku - iSamurai","isPartOf":{"@id":"https:\/\/isamurai.hu\/webshop\/#website"},"primaryImageOfPage":{"@id":"https:\/\/isamurai.hu\/webshop\/termek\/52-apple-macbook-pro-13-2019-8gb\/#primaryimage"},"image":{"@id":"https:\/\/isamurai.hu\/webshop\/termek\/52-apple-macbook-pro-13-2019-8gb\/#primaryimage"},"thumbnailUrl":"https:\/\/isamurai.hu\/webshop\/wp-content\/uploads\/2025\/11\/IMG_0413-scaled.jpg","datePublished":"2025-11-04T18:37:02+00:00","dateModified":"2026-01-27T15:34:56+00:00","breadcrumb":{"@id":"https:\/\/isamurai.hu\/webshop\/termek\/52-apple-macbook-pro-13-2019-8gb\/#breadcrumb"},"inLanguage":"hu","potentialAction":[{"@type":"ReadAction","target":["https:\/\/isamurai.hu\/webshop\/termek\/52-apple-macbook-pro-13-2019-8gb\/"]}]},{"@type":"ImageObject","inLanguage":"hu","@id":"https:\/\/isamurai.hu\/webshop\/termek\/52-apple-macbook-pro-13-2019-8gb\/#primaryimage","url":"https:\/\/isamurai.hu\/webshop\/wp-content\/uploads\/2025\/11\/IMG_0413-scaled.jpg","contentUrl":"https:\/\/isamurai.hu\/webshop\/wp-content\/uploads\/2025\/11\/IMG_0413-scaled.jpg","width":2560,"height":2560},{"@type":"BreadcrumbList","@id":"https:\/\/isamurai.hu\/webshop\/termek\/52-apple-macbook-pro-13-2019-8gb\/#breadcrumb","itemListElement":[{"@type":"ListItem","position":1,"name":"Kezd\u0151lap","item":"https:\/\/isamurai.hu\/webshop\/"},{"@type":"ListItem","position":2,"name":"Ad\u00e1s-v\u00e9tel \u00e9s szerviz","item":"https:\/\/isamurai.hu\/webshop\/"},{"@type":"ListItem","position":3,"name":"34. Apple MacBook Pro 13&#8243; &#8211; 2019 &#8211; 16GB &#8211; 1TB SSD &#8211; \u00daj akku"}]},{"@type":"WebSite","@id":"https:\/\/isamurai.hu\/webshop\/#website","url":"https:\/\/isamurai.hu\/webshop\/","name":"iSamurai","description":"","potentialAction":[{"@type":"SearchAction","target":{"@type":"EntryPoint","urlTemplate":"https:\/\/isamurai.hu\/webshop\/?s={search_term_string}"},"query-input":"required name=search_term_string"}],"inLanguage":"hu"}]}},"_links":{"self":[{"href":"https:\/\/isamurai.hu\/webshop\/wp-json\/wp\/v2\/product\/21763"}],"collection":[{"href":"https:\/\/isamurai.hu\/webshop\/wp-json\/wp\/v2\/product"}],"about":[{"href":"https:\/\/isamurai.hu\/webshop\/wp-json\/wp\/v2\/types\/product"}],"replies":[{"embeddable":true,"href":"https:\/\/isamurai.hu\/webshop\/wp-json\/wp\/v2\/comments?post=21763"}],"wp:featuredmedia":[{"embeddable":true,"href":"https:\/\/isamurai.hu\/webshop\/wp-json\/wp\/v2\/media\/22007"}],"wp:attachment":[{"href":"https:\/\/isamurai.hu\/webshop\/wp-json\/wp\/v2\/media?parent=21763"}],"curies":[{"name":"wp","href":"https:\/\/api.w.org\/{rel}","templated":true}]}}